-2)/3)/(x/6).
2
Let z be 3 - (2 - 2) - -2. Suppose 154 = z*v + x, 2*v - 6*x + 2*x = 66. What are the prime factors of v?
31
Suppose 0 = 4*l - 3 - 5. List the prime factors of l.
2
Let h = 0 - -3. List the prime factors of 5 - (6/h - 2).
5
Let c be (3 + (-21)/6)*-10. Suppose -153 = -c*m - 33. What are the prime factors of m?
2, 3
Let f = -18 - -18. Suppose 0*a - 2*a + 18 = f. What are the prime factors of a?
3
Let l be -1 - (-4)/6*3. What are the prime factors of 9/(-1 + 4) + l?
2
Let p be -1 + 12/8*2. Suppose -p*s = 3*s - 50. List the prime factors of s.
2, 5
Suppose 3*f - 10 = -5*h, -7 = -3*h + 4*f - 1. List the prime factors of h.
2
Let m(g) = g**2 + 3*g - 2. Let d be m(-4). Suppose -d*v - 20 = -7*v. What are the prime factors of v?
2
Let m = -20 - -26. What are the prime factors of m?
2, 3
Let t = 24 - -92. What are the prime factors of (t/(-8))/(2/(-4))?
29
Let s(r) = -r**2 - 10*r + 1. Let d(a) = -2*a**2 - 2. Let w be d(-2). Let i be s(w). What are the prime factors of i - (-1 + -1 + -1)?
2
Suppose 3*b = -b + 4. Let q = b - -3. What are the prime factors of q?
2
Let x(f) = 154*f**2 + 3*f - 2. List the prime factors of x(1).
5, 31
Let t(b) = b + 137. Let w be t(0). Let p = w - 93. Suppose -4*d - 4*a = -p, d + 3*d - 3*a = 72. What are the prime factors of d?
3, 5
Let p(m) = -4*m - 1. Suppose 0*s + 7 = -s. What are the prime factors of p(s)?
3
Let h(f) = f**2 - 5*f + 6. Suppose k + 3 - 12 = 3*v, -3*v + 27 = 5*k. Let m be h(k). Suppose -t + 2*t = -2*j + m, -t + 10 = j. List the prime factors of t.
2
Suppose x = 5*x. Suppose -5*g + r = -0*g - 15, x = -3*g - 3*r + 27. List the prime factors of g.
2
Let h(k) = 13*k**2 + 3*k + 3. List the prime factors of h(-2).
7
Let u be ((-3)/(-1))/((-15)/40). Let j = -3 - u. Let z(d) = d**2 - 4*d + 4. List the prime factors of z(j).
3
Suppose 5*g - 3*v - 1 = 0, -1 - 8 = -3*v. Suppose -g*r = -4*k + 106, -r + 28 = 2*k - 15. What are the prime factors of k?
2, 3
Let j(a) = -4 - 1 + a + 4. Let p(y) = -5*y + 1. Let b(n) = 6*j(n) + 2*p(n). List the prime factors of b(-3).
2
Suppose -5*o = 4*z - 22, -5*o = z - 22 + 9. List the prime factors of 2/z + (-654)/(-18).
37
Let s be 441/(-28) + (-1)/4. List the prime factors of -21*s/12*1.
2, 7
Let m = 26 + 158. List the prime factors of m.
2, 23
Let o(g) = -g**2 + 28*g + 56. What are the prime factors of o(16)?
2, 31
Let o(y) = y**2 + 2. Let h be o(0). List the prime factors of 9/5 - h/(-10).
2
Let y = 6 + -3. Let j be 10/3 - y/9. Suppose 0 = 3*t - j, 0*t = 2*f - 5*t - 7. What are the prime factors of f?
2, 3
Let r = -13 + 80. List the prime factors of r.
67
Suppose 8*g - 741 = 3*g + 2*q, 5*q - 10 = 0. List the prime factors of g.
149
Let j(h) = -h**3 + 3*h**2 - 3*h + 3. Let c be j(3). What are the prime factors of (c + 8)*(-1 + 5)?
2
Suppose 0*j - 10 = -3*j - m, j = -2*m + 5. Suppose 4*c - 15 = 17. Suppose -2*l + 3*a = -18, -4*a + c = j*l + a. What are the prime factors of l?
2, 3
Let o(i) = -i**2 + 6*i + 3. Let f be o(7). Let q = -2 - f. Suppose 0 = c - q*c + 13. List the prime factors of c.
13
Let c = 23 + -17. What are the prime factors of c?
2, 3
Suppose 2*p - 3*p + 21 = 4*l, -22 = -4*l - 2*p. Suppose -2*f - 3*w = -5*w + 102, f + 67 = l*w. Let j = -31 - f. What are the prime factors of j?
2
Let g(s) = 9*s - 10. List the prime factors of g(6).
2, 11
Let f = 1105 + -571. List the prime factors of (-2)/(-9) - f/(-27).
2, 5
Let t(j) = -j**2 - 2*j. Let v(p) be the first derivative of p**3/3 + p**2 + p + 1. Let m(d) = -4*t(d) - 3*v(d). List the prime factors of m(-5).
2, 3
Let m(n) = -21*n - 1. What are the prime factors of m(-2)?
41
Let i = -72 - -148. What are the prime factors of i?
2, 19
List the prime factors of (-850)/(-18) - (4 - 34/9).
47
Let i(x) = x**3 + 10*x**2 - 14*x + 13. What are the prime factors of i(-11)?
2, 23
Suppose 330 = -5*g - 3*c, -2*c - 5 = -3*c. Let p = -41 - g. Suppose 0*d + 2*d - 3*a = p, -56 = -4*d - a. List the prime factors of d.
2, 7
Let h(o) = -3 + 2*o**2 - 4*o + 2*o + 0*o. Suppose 0 = 5*n + 9 + 1. What are the prime factors of h(n)?
3
Suppose 5*s + 5*i - i + 48 = 0, 0 = -3*s - 3*i - 30. Let p = s - -8. Suppose -4*r - 3*l = p, r - 26 = -r + 5*l. List the prime factors of r.
3
Suppose -4*b + 40 = 4*w, 5*b - 2*w - 10 = 2*b. Let s = b + -4. List the prime factors of (2 - -6)/s - -1.
5
Suppose 5*m + 5*z = 35, -4*m - 1 + 11 = -5*z. Suppose -2*u - 8*a + 50 = -4*a, u - m*a = 4. List the prime factors of u.
19
Suppose 4*l - 217 = -77. Let f = -65 + l. Let z = -9 - f. List the prime factors of z.
3, 7
Suppose -5*t - 81 = -336. What are the prime factors of t?
3, 17
Suppose -i - 5*p - 68 = 0, i + p - 377 = 5*i. Let l = -49 - i. What are the prime factors of l?
2, 11
Let i be ((-4)/(-10))/((-1)/(-5)). Let x(s) = -s**2 - 4*s - 3. Let z be x(-2). Let o = z + i. List the prime factors of o.
3
Suppose p - 8 = 2*t + 4*p, p + 12 = -3*t. List the prime factors of (t/5)/(6/(-165)).
2, 11
Let l = 366 + -253. List the prime factors of l.
113
Let b = 4 + -2. Suppose 3*r - f + 21 = -r, -b*f = 6. What are the prime factors of 5*(r/5 - -2)?
2
Let q be (1 - -2)/(3/(-2)). What are the prime factors of ((-98)/q + -4)*1?
3, 5
Let c(r) = 3*r - 2. Let s be c(3). Let v(y) = 7*y - 6. List the prime factors of v(s).
43
Suppose w = 7 + 4. Let l = 15 - w. Suppose j + l*c + 12 = 5*j, -4*j + 36 = 2*c. What are the prime factors of j?
7
Let l = -4 + 4. Suppose l + 22 = c. Suppose 0 = 4*y - c + 6. List the prime factors of y.
2
Let w(z) = -z**3 + 9*z**2 + 7*z + 14. Let k be w(10). Let i = k - -29. What are the prime factors of i?
13
Let d(y) = y**3 - 6*y**2 + 5. Let l be d(6). Suppose 60 = 3*q + 3*j, -96 = -l*q - j - 0*j. List the prime factors of q.
19
Suppose -5*d = -4*g + 317, -5*d = -13 - 2. List the prime factors of g.
83
Let r = -7 + 8. Let l(n) = 2*n**2 + 2*n + 3. Let x be l(-2). Let i = r + x. List the prime factors of i.
2
Let j = -9 - -14. Suppose 3*a = j*n + 152, 5*n - n = -16. List the prime factors of a.
2, 11
Let r be (1 - (2 - 1)) + 0. Suppose b - 11 = -r*b. List the prime factors of b.
11
Let h(i) = 3*i**3 + i**2 + i + 1. Let t be h(-1). What are the prime factors of t/2*15/(-5)?
3
Let d(s) = 7*s**2 + 4*s + 4 - 13*s**2 - 3*s**3 + 2*s**3. List the prime factors of d(-7).
5
Suppose 70 = 5*z - 3*m, -3*z = -m - 3 - 43. List the prime factors of z.
17
Suppose -20 + 8 = -3*m. Suppose m*u + u = -5. What are the prime factors of (-2 - (-2)/(-2))/u?
3
Let r be (7 - -2)*(-2)/(-6). Let l = r + -3. Suppose l*h - 20 = -2*h. What are the prime factors of h?
2, 5
Suppose -3*t + 6*t = -4*b + 576, 4*t - 4*b = 740. List the prime factors of t.
2, 47
Suppose -4*w + b + 607 = 2*b, 3*w = -2*b + 449. What are the prime factors of w?
3, 17
Suppose 7*y = 3*y - 16. Suppose 0 = 5*i - 3 + 83. Let a = y - i. List the prime factors of a.
2, 3
Let x = 112 + -67. What are the prime factors of x?
3, 5
Suppose 0 = v + 5*k - 37, 0 = -2*v + 2*k + 34 + 28. What are the prime factors of v?
2
Let n be (-2)/7 - 1865/(-35). Suppose -3*f + 3*m = -f - 73, n = 2*f + m. What are the prime factors of f?
29
What are the prime factors of 1 + 2/1 - -17?
2, 5
What are the prime factors of (-1)/((-20)/72)*(-90)/(-4)?
3
Let w be ((-42)/9)/(2/(-3)). Let q = 10 - w. Suppose -q*c = -16 - 11. What are the prime factors of c?
3
Let l = -86 - -57. Let z = l - -41. List the prime factors of z.
2, 3
Suppose 2*h - 210 = -72. What are the prime factors of 1/(2 + h/(-36))?
2, 3
Let w be (11/(-1))/((-5)/10). What are the prime factors of w/4 + (-5)/10?
5
Suppose -6*h = -0*h - 48. List the prime factors of h.
2
Let v(n) = -12*n**3 + 4*n**2 + 4*n + 1. List the prime factors of v(-2).
3, 5, 7
Let g = -6 - -8. Let u be -3 - -2 - (g - 3). What are the prime factors of (-2 + u)/(4/(-22))?
11
Let r(w) = w + 11. Let h be r(-8). Let j(u) = -u**3 + 5*u**2 - 2*u - 4. Let y be j(h). Suppose -2*t = -24 + y. List the prime factors of t.
2
Suppose d + 3*d - 4*w = 40, -3*w + 25 = 2*d. Suppose -5*b - o = -14, -5*b + d + 9 = -5*o. What are the prime factors of b?
3
Suppose 60 = 5*h - 5*r, -2*h + 0*r + 28 = -3*r. Let z(x) = -x**2 + 7*x + 2. Let n be z(5). List the prime factors of (12/h)/(2/n).
3
Suppose 0*w - 4*u - 132 = -4*w, -u = -2*w + 69. List the prime factors of w.
2, 3
Let s = 2 - -11. What are the prime factors of s?
13
Let b(p) = 6*